*h**3 + 185*h**2 + 2163*h + 18. What is l(-46)?
-28
Let l(s) = -13*s**2 - 1548*s + 1. Give l(0).
1
Let l(y) = 39*y**2 - 260*y + 326. Calculate l(5).
1
Let i(m) = m**2 + 1578*m + 434103. Give i(-355).
-62
Let i(y) = -3*y**3 - 665*y**2 - 1324*y - 4. Calculate i(-2).
8
Let z(w) = 15*w**3 - 8*w**2 - 21*w + 1. What is z(-5)?
-1969
Let i(b) = 738*b - 6676. What is i(9)?
-34
Let s(x) = -61*x - 1689. Determine s(-2).
-1567
Let q(o) = 91152*o - 455871. What is q(5)?
-111
Let y(h) = -19929*h + 142118. Calculate y(7).
2615
Let t(m) = 11*m**2 - 348*m + 2627. Determine t(11).
130
Let z(y) = 2*y**3 - 29*y**2 + 18*y + 52. Give z(14).
108
Let s(l) = -l**3 - 34*l**2 - 257*l + 570. Give s(-18).
12
Let p(k) = -3*k**3 + 96*k**2 - 107*k + 773. What is p(31)?
339
Let w(y) = 3*y**3 - 40*y**2 + 34*y - 339. Calculate w(12).
-507
Let l(x) = 563*x**2 - 5056*x - 87. What is l(9)?
12
Let i(j) = 112*j**2 + 744*j - 137. Give i(-7).
143
Let v(z) = -z**2 - 94*z - 59. What is v(-94)?
-59
Let z(k) = -k**3 + 479*k**2 + 11786*k - 120482. Calculate z(502).
-2
Let w(a) = 2048*a - 20413. Calculate w(10).
67
Let k(m) = 1834*m - 25310. Determine k(17).
5868
Let l(v) = 2*v**3 - 59*v**2 + 187*v - 4240. Calculate l(29).
342
Let p(n) = -6*n**2 - 62*n - 550. Determine p(-9).
-478
Let d(r) = -r**3 + 32*r**2 + 17888*r - 605860. Calculate d(34).
20
Let b(w) = w**3 - 28*w**2 + 126*w + 312. Determine b(21).
-129
Let u(k) = 62020*k + 11411670. What is u(-184)?
-10
Let g(l) = l**3 - 39*l**2 + 174*l - 230. Calculate g(34).
-94
Let u(b) = -67574*b - 1283900. What is u(-19)?
6
Let a(l) = -4378*l + 196632. Determine a(45).
-378
Let f(s) = s**3 + 133*s**2 - 950*s - 16056. Determine f(-139).
68
Let u(r) = r**3 - 52*r**2 + 244*r + 86. Calculate u(10).
-1674
Let k(j) = -32149*j - 2218286. Determine k(-69).
-5
Let t(w) = 16897*w - 3227351. Give t(191).
-24
Let k(q) = 3328185*q + 13312743. Calculate k(-4).
3
Let l(r) = 11*r**2 + 875*r - 370. What is l(-80)?
30
Let h(x) = 6*x**2 + 6067*x + 36219. Calculate h(-6).
33
Let q(w) = 71*w**2 + 4289*w + 8301. Determine q(-2).
7
Let h(b) = 8*b**2 + 2180*b - 14421. Give h(-279).
87
Let b(o) = 2*o**2 - 532*o + 9678. Give b(249).
1212
Let z(q) = 2*q**2 + q - 45. Determine z(-6).
21
Let x(b) = 59*b**2 - 5755*b + 5757. Determine x(1).
61
Let x(n) = -2652*n - 649716. Determine x(-245).
24
Let w(j) = 3*j**2 - 200*j + 651. Calculate w(64).
139
Let s(u) = -u**3 + 112*u**2 + 491*u - 3143. Calculate s(116).
-11
Let p(d) = 531*d - 67974. What is p(128)?
-6
Let f(a) = -a**3 - 134*a**2 + 260*a - 1969. Calculate f(-136).
-337
Let r(m) = 33*m**3 - 1154*m**2 + 89*m - 1. Determine r(35).
4339
Let u(d) = 7634*d - 37796. Calculate u(5).
374
Let m(s) = -s**3 + 168*s**2 + 1040*s + 2. Give m(-6).
26
Let i(z) = z**3 - 195*z**2 + 4531*z - 171. Give i(168).
-1011
Let o(y) = -77*y**2 + 1014*y + 8837. Calculate o(-6).
-19
Let x(g) = 4785*g**2 - 1406788*g - 587. Give x(294).
1
Let z(l) = -2270*l + 84045. Calculate z(37).
55
Let l(c) = -27013*c - 26976. Give l(-1).
37
Let l(w) = w**2 - 53*w - 1051. Calculate l(-22).
599
Let u(t) = 5464*t - 131213. Give u(24).
-77
Let u(a) = a**3 - a**2 + 505*a + 1034. What is u(-2)?
12
Let x(u) = 1185*u - 93693. Determine x(79).
-78
Let a(v) = -1109*v - 166848. Calculate a(-151).
611
Let x(g) = -17*g**3 + 13*g**2 + 44*g + 222. Calculate x(-7).
6382
Let t(f) = -5247*f - 30247. What is t(-6)?
1235
Let q(w) = -w**3 + 22*w**2 - 538*w + 5012. What is q(12)?
-4
Let m(h) = -h**2 - 598*h - 88303. Give m(-268).
137
Let o(p) = -19*p**2 - 806*p - 6358. Calculate o(-32).
-22
Let q(p) = 3*p**2 + 43227*p + 129676. Calculate q(-3).
22
Let j(t) = -179542*t + 8977091. Give j(50).
-9
Let p(r) = 42*r**2 - 5148*r + 15405. Calculate p(3).
339
Let n(t) = -8513*t - 197119. What is n(-23)?
-1320
Let w(a) = 535*a - 312454. What is w(584)?
-14
Let k(o) = -1201*o - 172347. Determine k(-144).
597
Let o(a) = a**3 + 5*a**2 + 1438*a - 1226. Determine o(0).
-1226
Let s(h) = -62*h + 6409. Give s(111).
-473
Let n(w) = -52984*w + 1589514. What is n(30)?
-6
Let f(j) = 420*j - 9404. Determine f(22).
-164
Let r(n) = -727*n + 20669. Calculate r(28).
313
Let x(l) = -13*l**3 - 251*l**2 - 309*l + 66. What is x(-18)?
120
Let d(s) = -5*s**3 - 166*s**2 - 862*s - 9. Give d(-6).
267
Let v(h) = 1589*h - 17463. What is v(11)?
16
Let f(l) = -10*l**3 + 3*l**2 - 21*l - 53. What is f(-2)?
81
Let n(r) = 400*r + 3036. Determine n(-11).
-1364
Let w(a) = -a**3 - 11*a**2 - 96*a - 1692. Determine w(-13).
-106
Let t(g) = -g**3 + 29*g**2 + 33*g + 69. Calculate t(31).
-830
Let a(w) = -w**2 - 215*w - 10697. Give a(-144).
-473
Let b(x) = -16*x**2 + 1233*x - 708. What is b(78)?
-1878
Let p(g) = -10*g**3 + 6*g**2 + 106*g + 90. Determine p(0).
90
Let v(x) = x**3 - 23*x**2 + 162885*x - 3909819. Give v(24).
-3
Let p(c) = -c**3 + 13*c**2 + 39361*c - 183. Determine p(205).
22
Let f(u) = 3*u**2 + 74*u + 459. Determine f(-6).
123
Let u(f) = 143*f**2 + 884*f + 41. What is u(-6)?
-115
Let t(l) = -l**3 + 172*l**2 - 9*l + 1764. Give t(172).
216
Let c(h) = -4097041*h - 12291131. Calculate c(-3).
-8
Let f(o) = 3*o**3 + 4*o**2 + 25*o + 260. Determine f(-6).
-394
Let t(w) = 546133*w + 546245. Give t(-1).
112
Let j(x) = 12832*x - 6775304. Give j(528).
-8
Let w(z) = 1241*z + 3551. Give w(-3).
-172
Let o(i) = -3*i**3 + 84*i**2 - 85*i + 86. Calculate o(27).
-22
Let c(t) = 338*t - 56461. Give c(167).
-15
Let o(s) = s**3 - 9*s**2 - 69*s - 363. Calculate o(15).
-48
Let d(v) = -221*v + 290. Calculate d(2).
-152
Let p(h) = -6261*h - 18790. What is p(-3)?
-7
Let j(b) = b**2 - 131*b - 14333. Determine j(202).
9
Let n(o) = 19*o**2 + 1404*o + 1255. What is n(-73)?
14
Let h(r) = r**3 + 168*r**2 - 9075*r + 91. What is h(43)?
5
Let o(b) = 2*b**3 + 21*b**2 - 5*b - 87. Determine o(-7).
291
Let t(k) = k**3 + 459*k**2 - 1168*k - 113402. Determine t(-461).
4
Let v(l) = -139607*l + 44115813. Give v(316).
1
Let y(t) = -206131*t + 1030645. Calculate y(5).
-10
Let k(z) = z**3 - 35*z**2 + 222*z + 122. Give k(27).
284
Let c(t) = 1121*t**3 + 13*t**2 - 15*t - 3. Calculate c(1).
1116
Let n(y) = -8*y**2 + 149*y + 5673. What is n(-25)?
-3052
Let y(k) = 2141*k - 14941. Calculate y(7).
46
Let f(k) = -21*k**2 + 727*k + 1072. Calculate f(36).
28
Let o(c) = -8*c**2 - 3573*c + 10746. Determine o(3).
-45
Let m(i) = -1171*i - 3194. Calculate m(-3).
319
Let g(l) = 4589*l - 27535. Give g(6).
-1
Let d(z) = -157394*z - 7397524. Calculate d(-47).
-6
Let m(w) = -53*w**2 + 6668*w + 7998. Give m(127).
-3
Let g(c) = 20*c**3 - 201*c**2 + 3*c + 96. What is g(10)?
26
Let f(g) = 66199*g - 595776. Calculate f(9).
15
Let c(z) = -170*z - 2109. Give c(-9).
-579
Let u(x) = -356552*x - 18184138. Determine u(-51).
14
Let b(k) = -k**2 + 168*k - 6313. What is b(99)?
518
Let p(u) = 9*u**2 + 20*u - 589. Give p(8).
147
Let z(n) = 93441*n - 280333. Calculate z(3).
-10
Let j(f) = -f**2 + 255*f + 114409. Determine j(-234).
-17
Let a(n) = -479*n + 87320. Determine a(182).
142
Let p(h) = -2850*h - 28455. Determine p(-10).
45
Let k(r) = r**3 + 69*r**2 - 178*r - 2634. What is k(-71)?
-78
Let o(z) = -3567*z - 35669. What is o(-10)?
1
Let r(b) = 4*b**2 + 366*b + 291. Determine r(-90).
-249
Let t(z) = -z**3 - 69*z**2 + 1204*z - 4714. Give t(-84).
-10
Let x(o) = 389*o - 311. Calculate x(-4).
-1867
Let t(r) = 782*r + 397294. Calculate t(-508).
38
Let k(i) = -4*i**3 + 128*i**2 - 340*i - 283. Determine k(29).
-51
Let d(l) = -3*l**2 + 1033*l - 10464. Calculate d(334).
-110
Let i(z) = -32*z**2 - 5681*z + 2672. Determine i(-178).
2
Let k(m) = -48730*m - 292382. Determine k(-6).
-2
Let b(v) = -605*v + 16870. What is b(28)?
-70
Let q(m) = -697*m + 643361. Give q(923).
30
Let t(m) = 3*m**3 + 2*m**2 + 533*m + 3762. Determine t(-7).
-900
Let k(f) = 2*f**2 + 1604*f - 19540. Give k(12).
-4
Let b(f) = -f**3 + 281*f**2 - 842*f + 157372. Determine b(280).
12
Let x(c) = -153*c - 9605. Give x(-67).
646
Let v(k) = -2*k**2 - 236*k - 3732. Give v(-19).
30
Let u(i) = -1408*i + 11205. What is u(8)?
-59
Let i(l) = 4625*l + 221994. Give i(-48).
-6
Let m(d) = d**2 - 18438*d + 129013. Calculate m(7).
-4
Let u(g) = -680*g**2 - 63920*g + 13. Calculate u(-94).
13
Let v(r) = -14*r**3 + 12*r**2 - 26*r - 70. Give v(-2).
142
Let f(m) = -m**2 - 3231*m + 281955. Calculate f(85).
95
Let o(c) = c**2 + 121*c - 55375. What is o(180)?
-1195
Let r(l) =